 p is divided by 25.
19
Suppose -2*f - 8 = -z - f, z - 3*f - 16 = 0. Let j be (56/z)/2 - 3. Suppose j + 7 = u. Calculate the remainder when u is divided by 4.
3
Let r(l) = -l**3 + 5*l**2 + 28*l - 8. Let c(g) = g**2 + 24*g + 123. Calculate the remainder when c(-20) is divided by r(8).
19
Let m(j) = -7*j**2 + 7*j + 17. Let y(f) = f**2 + f + 1. Let u(p) = m(p) + 6*y(p). Calculate the remainder when u(13) is divided by 5.
3
Let x(r) be the first derivative of r**4/4 - 2*r**3/3 + r**2/2 + 69*r + 4. What is the remainder when x(0) is divided by 12?
9
Suppose 0 = -g - 0 - 1. What is the remainder when g + (-5)/((-10)/212) is divided by 36?
33
Let n = 12 - -8. Suppose 13*w - 9*w - n = 0. Suppose -86 = -w*k + 69. What is the remainder when 123 is divided by k?
30
Suppose 19 - 15 = y, -96 = -5*a - 4*y. What is the remainder when 31 is divided by a?
15
Suppose 10 + 70 = 4*l. Let s = 190 - 113. What is the remainder when s is divided by l?
17
Let m = 418 - 123. What is the remainder when m is divided by 101?
93
Suppose 13 = r + 5*n, 0 = -3*r + 3*n - 2 + 5. Suppose 4*b - r*b - 30 = 0. Calculate the remainder when 57 is divided by 354/b - (-2)/10.
9
Let l(r) = -r - 7. Calculate the remainder when 433 is divided by l(-30).
19
Suppose -4*g + 2*g = -28. Let s = 1342 - 1318. What is the remainder when s is divided by g?
10
Suppose 2*l - 5 = -1, 3*i - 259 = -5*l. Let q = -131 - -86. Let v = i + q. What is the remainder when v is divided by 13?
12
Suppose 3*m = a + 29 + 8, -5*a = -25. Calculate the remainder when ((-29)/(-4) - (-1)/(-4))*(352 + -349) is divided by m.
7
Let r = 207 - 202. What is the remainder when 32 is divided by r?
2
Suppose -9*i = -971 + 53. Let o = -67 + i. Suppose -6*j + 13*j = o. Calculate the remainder when 8 is divided by j.
3
Let o(d) = -d**2 + 42*d - 32. Calculate the remainder when 102 is divided by o(40).
6
Suppose -1019 = -14*f - 277. Calculate the remainder when 258 is divided by f.
46
Let f(b) = b**2 - 23*b - 478. Calculate the remainder when f(-17) is divided by 106.
96
Let h = 226 - 157. Let c(i) = i**3 + 7*i**2 - i - 6. What is the remainder when h is divided by c(-6)?
33
Let o(u) = 2*u - 1. Let g be o(2). Let v(t) = -17*t + 3. Let w be v(1). Let c = g - w. Calculate the remainder when 33 is divided by c.
16
Suppose -35*c + 64932 = -14*c. What is the remainder when c is divided by 34?
32
Let a be (-88)/(-33) + (-4)/6. Suppose 0*r = -r + q + 8, 0 = r - a*q - 13. Suppose -r*d - 15 = -66. Calculate the remainder when d is divided by 5.
2
Suppose o - s - 132 = 0, 2*o + 0*s = s + 259. Let u = 133 - 89. Suppose 0 = -q + 3*z + u, -3*z - z = -3*q + o. Calculate the remainder when q is divided by 22.
19
Suppose -3*h - 3 = 5*x + 5, x = h. Let a(l) = -10*l + 2. Calculate the remainder when 71 is divided by a(x).
11
Let c = 27 - 60. Let i = -4 - c. Calculate the remainder when 854/10 - ((-34)/(-10) - 3) is divided by i.
27
Let y(n) = 7*n + 10. Let m(p) = -p - 1. Let i(g) = -6*m(g) - y(g). Let b be i(-6). Suppose 0 = b*a + 4 - 22. What is the remainder when a is divided by 6?
3
What is the remainder when (-4 - -5)/((-8)/(-2264)) is divided by 58?
51
Let q(z) = -7*z + 20. Calculate the remainder when 911 is divided by q(-4).
47
Let i = -3 + 3. Let h = 3 - i. What is the remainder when 9 is divided by 0 + (-2 + 11 - h)?
3
Let a = 23 - 33. Let j = a + 24. What is the remainder when 41 is divided by j?
13
Let c(a) = 4*a**3 + a**2 - a. Let i be c(1). Suppose -4*l + 4 = 0, w - i*l + 2 = -0. Let j(s) = 37*s + 3. Calculate the remainder when j(w) is divided by 20.
17
Suppose 6*r = 31 + 83. Suppose -v = 2*v - 21. What is the remainder when r is divided by v?
5
Suppose -2*h + 6 = 2*i, -6 + 38 = 4*i - h. Suppose i*s = 9*s - 4. Calculate the remainder when 5 is divided by s.
1
Let c(q) = 3*q + 167. What is the remainder when c(-35) is divided by 13?
10
Let p = 84 - 54. Let z = 88 - 80. Calculate the remainder when p is divided by z.
6
Let k(y) = 50*y**2 + 10*y + 10. Let j be k(5). What is the remainder when j/7 - (2 - 65/35) is divided by 47?
46
Let h = 120 - -27. What is the remainder when h is divided by 30?
27
Suppose -t - t + 4*i = -2, 2*t = -i + 12. Suppose 2 = -w - y, -5*w + t*y = -4*w - 28. What is the remainder when 17 is divided by w?
2
Let r = -105 - -108. Suppose -r*o + 3*d + 12 = d, d = -5*o + 20. What is the remainder when 46 is divided by o?
2
Let u be 4/(-22) + 68/11. Suppose -4*j = -u*j. Suppose -32 = -q + 4*t, j = 4*q + q - t - 84. Calculate the remainder when 30 is divided by q.
14
Let r(f) = 32*f**2 + 36*f**2 - 65*f**2 - 11 - 5*f. Suppose 2*s - 4*s + 37 = -k, 14 = s + k. Calculate the remainder when r(6) is divided by s.
16
Let q(s) = -s**3 - 9*s**2 - 7*s + 3. Let h be q(-8). What is the remainder when (h - -4) + (83 - 3) is divided by 40?
39
Suppose -f - 4*f - 20 = 0. What is the remainder when 62 + f/(-4) - 1*3 is divided by 8?
4
Suppose 96 = 74*v - 50*v. What is the remainder when 37 is divided by v?
1
Suppose 25*s - 22*s + 3*j = 243, 319 = 4*s - j. What is the remainder when 314 is divided by s?
74
Suppose -6 = -p - 0. Let l(x) be the third derivative of x**6/120 - x**5/20 - 11*x**4/24 - x**3/6 - 27*x**2. What is the remainder when l(p) is divided by 6?
5
Let x(l) = 2*l**3 - 5*l**2 + 12*l - 1. Let u(z) = -z**2 + z. Let h(r) = 4*u(r) - x(r). What is the remainder when h(-3) is divided by 13?
10
Let v(i) = 2*i**2 - i + 48. Let n be v(0). Let m = 72 - n. Calculate the remainder when m is divided by 7.
3
Let a = -17 - -27. Calculate the remainder when 15 is divided by 1/((a/8)/5).
3
Suppose 0 = -2*d - 5*g + 17, -2*g + 14 = 3*d - d. Calculate the remainder when (-3)/d + (-62)/(-4) is divided by (-152)/(-28) - ((-238)/(-98) - 3).
3
Let d = -25 + 55. Let t = -68 + 70. Suppose 0 = t*h - 55 - 183. Calculate the remainder when h is divided by d.
29
Let l(g) = g**2 - 5*g + 16. What is the remainder when l(5) is divided by 6?
4
Let a(l) = -l**2 + 4*l + 58. What is the remainder when 221 is divided by a(8)?
13
Let t = 39 - 37. Suppose -v + 93 = t*b, b - 30 = -v + 15. What is the remainder when b is divided by 10?
8
Let j be (-12)/20 - 133/(-5). Let f be 86/6 - 3/9. Suppose -3*d - f + j = 0. Calculate the remainder when 15 is divided by d.
3
Let m(r) = -5*r**2 - 118*r - 57. What is the remainder when 51 is divided by m(-23)?
3
Let n = 4 - 0. Suppose -5*u = 4*u - 153. Suppose k = z - u, 0*k = -2*k - 8. What is the remainder when z is divided by n?
1
Let v = 23 - -47. What is the remainder when v is divided by 36?
34
Let o(r) = r**3 - 11*r**2 + 48*r - 17. Calculate the remainder when o(10) is divided by 73.
71
Suppose 4*l = -2*p + 172, 0 = 2*l + 2*l - 5*p - 172. What is the remainder when 105 is divided by l?
19
Calculate the remainder when (-1*2)/((-2)/22) is divided by -2*135/18*-1.
7
Let q be (-1)/(-4) - (5 - (-5)/4). Calculate the remainder when (0 - -115)*q/(-15) is divided by -1 - (-26)/(2/1).
10
Let a(p) = 7*p**2 + 1. Let f be 2 - (-1 - -1)*1. Suppose 2*g - 2 = f*t, -g + 0*t - 2*t = -1. What is the remainder when 23 is divided by a(g)?
7
Let n = 141 - 114. Let z = -11 + -49. What is the remainder when n is divided by (z/(-5))/(-1 + 3)?
3
Let l be (-36)/(-54) + (-13)/(-3). Suppose -4 = l*x - 119. Calculate the remainder when x is divided by 9.
5
Suppose -4*r = -c + 25, -13*c + 16*c - 66 = 3*r. What is the remainder when 94 is divided by c?
10
Let p = -91 + 113. Let d be 4/(-14) - 626/14. Let v = p - d. What is the remainder when v is divided by 17?
16
Calculate the remainder when 158 is divided by (310/6)/((-42)/(-126)).
3
Let f = 97 + -149. Let u be (-170)/(-20) + 10/4. Let s = u - f. What is the remainder when s is divided by 16?
15
Let y = 614 - 537. What is the remainder when y is divided by 2/4 - 31/(-2)?
13
Let n = 3 + -7. Let c(s) = 10*s**2 - 4*s - 14. What is the remainder when c(4) is divided by n/(-2) + 33 + -2?
31
Let d = -669 + 672. Calculate the remainder when d is divided by 3.
0
Suppose -2*j + 4*g + 158 = 0, -5 = -4*g + 3. Let c = -98 + 70. Calculate the remainder when j is divided by c/4*(2 + -5).
20
Let r be ((-70)/(-25))/(3/375). Suppose -5*h + r = -5*b, 2*h - 140 = -3*b - 25. Calculate the remainder when h is divided by 22.
21
Let d(l) = l**2. Let f(o) = -5*o**2 + 4*o - 1. Let k(u) = 6*d(u) + f(u). Let v be k(-5). Su